ulate the remainder when 42 is divided by c.
4
Suppose 61*c - 10*c = 2040. Let k(r) = r**3 + 5*r**2 - r + 6. What is the remainder when c is divided by k(-5)?
7
Suppose -r + 121 = -22. Calculate the remainder when r is divided by 18.
17
Let l = 14 + -12. Let i(y) = y. Let m be i(l). Calculate the remainder when (244/(-16))/(m/(-8)) is divided by 16.
13
Let s be 6 - (-3 + (-12)/(-3)). Let w(a) = a**3 - 4*a**2 - 5*a + 5. Let b be w(6). Suppose 8 + b = s*o. What is the remainder when o is divided by 6?
5
Let i = -311 + 327. Calculate the remainder when 26 is divided by i.
10
Suppose 6 - 15 = -s. Let f(i) = 46*i**2 + 458*i - 6. Calculate the remainder when f(-10) is divided by s.
5
Suppose -3*i - 1 + 22 = -4*m, -2*i + 6 = 0. Let x(s) = -s**2 - 2*s + 3. Let t be x(m). Let u = t - -13. Calculate the remainder when 25 is divided by u.
12
Suppose 0 = -2*g - 2*g + 20. Suppose 2*q = d + 608, 2*q - g*d - 253 = 347. What is the remainder when q is divided by 44?
41
Suppose 31 = 3*d + 4. Let g(o) = o**3 - 11*o**2 + 20*o - 9. Calculate the remainder when 31 is divided by g(d).
4
Let h(m) = -m**3 + 15*m**2 + 16*m + 32. What is the remainder when 1*80*3/4 is divided by h(16)?
28
Let c = 25 - 20. Suppose -c*h + 156 = -2*h. What is the remainder when h is divided by 9?
7
Suppose -13*j + c + 15 = -12*j, 2*c = -4. Calculate the remainder when -10*(-1 + -3 - -2) is divided by j.
7
Calculate the remainder when 7676/76 - -2*3 is divided by 19.
12
Let c be (0 - 0) + (7 - -2). Let h = 11 - c. Calculate the remainder when 22 - (h - (-9)/(-3)) is divided by 13.
10
Suppose 0 = -2*u - 914 - 18. Calculate the remainder when u/(-7) + (-6)/(-14) is divided by 23.
21
Let p = 235 - 134. Calculate the remainder when p is divided by 56.
45
Let g = 41 + -21. Suppose -155 - 109 = 4*c. Let o = -7 - c. Calculate the remainder when o is divided by g.
19
Let p(x) = -x**3 + 5*x**2 + 4*x. Suppose 4*u - q - 708 = 0, 4*u + 0*q - 704 = 2*q. What is the remainder when u is divided by p(3)?
28
Suppose -27*x + 2324 + 9259 = 0. What is the remainder when x is divided by 48?
45
What is the remainder when 348 is divided by ((-39)/12)/((-1)/4)?
10
Let r be ((-4)/(-10))/((-8)/(-20)). Let z = 1 - r. Suppose 4*x = -z*x + 76. What is the remainder when 37 is divided by x?
18
Let o be ((-1)/(1/2))/((-6)/(-24)). Let r = -21 - -40. Let a = o + r. What is the remainder when a is divided by 3?
2
Calculate the remainder when (838/(-4))/((-9)/18) is divided by 15.
14
Let h be (-1)/(2*3/(-12)). Suppose 0 = -2*k - h*l + 12, 0 = -k - 0*k + 3*l - 2. Calculate the remainder when (-3)/((-54)/86) - 142/(-639) is divided by k.
1
Suppose -b + 48 = 7*b. Let r(w) = 7*w - 9. What is the remainder when r(b) is divided by 12?
9
Suppose 3*r = 5*d - 276, -3*d + 165 = -6*r + 4*r. What is the remainder when d is divided by 6?
3
Suppose 0 = 3*r + 391 - 436. What is the remainder when 42 is divided by r?
12
Suppose 0 = 5*k + 8 - 13. Let q be (k + 1)*4/(-4). Let j = 8 + q. Calculate the remainder when 27 is divided by j.
3
Suppose -3*x = -3*n - 153, -98 = -2*x - 3*n + 4*n. What is the remainder when 184 is divided by x?
43
Suppose -n + i = -336, -4*n + 1155 = -3*i - 187. Calculate the remainder when n is divided by 14.
12
What is the remainder when 739 is divided by (-19)/(-9) + -2 + (-6844)/(-531)?
11
Let h(g) = 3*g - 5. Let i be h(4). Let a = 13 - i. Suppose 3*f - a = 3. Calculate the remainder when 9 is divided by f.
0
Suppose 40*s - 426 - 214 = 0. Let n be (-2)/(-8) + (-46)/(-8). Let q = -3 + n. Calculate the remainder when s is divided by q.
1
Let y = 8 + 27. What is the remainder when (-4128)/(-30) + 4/10 is divided by y?
33
Calculate the remainder when 324 is divided by (-640)/36*-6 - 147/(-63).
106
Let l = -7 + 4. What is the remainder when 12/(-20)*(-35 + 0) is divided by 10/l*(-12)/5?
5
Suppose -6*s + 64 + 68 = 0. What is the remainder when 944 is divided by s?
20
Let x(h) = -h**3 + 12*h**2 + 13*h + 2. Let u be x(13). Let d = 40 - 16. Suppose d - u = f. Calculate the remainder when f is divided by 6.
4
Let a = 998 + -985. What is the remainder when 348 is divided by a?
10
Let b(c) = -c**2 - 9*c - 4. Let f be b(-5). Let w(r) = 80*r**3 - 10*r + 9. Calculate the remainder when w(1) is divided by (2 - 0)/(2/f).
15
Let b be 1/2 + 54/12. Suppose -b*i = o + 441, -2*i + 178 = -4*i - 2*o. Calculate the remainder when ((-1)/(-1))/((-2)/i) is divided by 9.
8
Suppose 3*w = 111 - 3. Calculate the remainder when w is divided by 16.
4
Let p(g) = -g**3 - 4*g**2 + 14*g + 42. What is the remainder when 193 is divided by p(-6)?
13
Let o(q) = 4*q - 44. Let u be o(10). Let v = 118 - u. What is the remainder when v is divided by 21?
17
Suppose -9*s + 279 - 81 = 0. What is the remainder when 109 is divided by s?
21
Suppose 0 = -56*d + 9094 - 1758. What is the remainder when d is divided by 4?
3
Suppose 8*t - 294 = -3*r + 9*t, -3*t + 476 = 5*r. Calculate the remainder when r is divided by 49.
48
Let s(h) = h**3 - 46*h**2 + 133*h + 43. What is the remainder when s(43) is divided by 27?
26
Suppose 2*g + 6 - 51 = -3*o, 5*g - 3*o - 165 = 0. Calculate the remainder when 37 is divided by g.
7
Let h(r) = -r**3 - 8*r**2 - 9*r - 4. Let i be h(-7). Suppose 13*f - i*f = 57. Suppose -3*w = -8*w + 25. What is the remainder when f is divided by w?
4
Suppose 0 = 20*n - 17*n. Suppose 7*p - 2*p - 310 = n. What is the remainder when p is divided by 2/(-5) - 164/(-10)?
14
Suppose -u - 8 = u, -60 = r + 4*u. Let m = r + 61. Calculate the remainder when m is divided by 6.
5
Let h = -243 - -255. Calculate the remainder when 371 is divided by h.
11
Suppose a = -3*t + 31, 2*a - 6 = -t + 6*a. Let g = 110 - 30. Calculate the remainder when (-3)/(-9) + g/3 is divided by t.
7
Let g = 657 + -617. Calculate the remainder when 235 is divided by g.
35
Let o be 2*(-1)/4*-94. Let p = -676 + 703. Suppose -j + 4*u + p = -o, 0 = -5*u - 20. Calculate the remainder when j is divided by 12.
10
Suppose 4*o = -y - 5 - 11, -33 = -2*y + 5*o. Let v be (2/1)/2*y. Calculate the remainder when v/(-22) - 5562/(-99) is divided by 29.
27
Let f = 57 + -24. Suppose -2*i = -79 - f. What is the remainder when i is divided by 15?
11
Suppose 4*s = s - 4*c + 39, -s + 11 = 2*c. Calculate the remainder when 33 is divided by s.
16
Suppose 3*z + m - 131 = 0, 5*z = m - 84 + 289. What is the remainder when 250 is divided by z?
40
Let f be (-4)/10 + (146/(-10) - 4). Calculate the remainder when 45 is divided by (1 - (4 - -1))*(f + 16).
9
Suppose -4*l + 4*c - 376 = 0, 3*c - 472 = 5*l - 0*c. Let z = l - -156. What is the remainder when z is divided by 9?
7
Let j = 2764 + -2744. Calculate the remainder when 1318 is divided by j.
18
Let d be (6 + 2 + -1)*2. Suppose 5*h = 2*h - 6*h. Suppose 4*a - 22 - d = h. What is the remainder when 25 is divided by a?
7
Suppose -8 + 0 = 4*y. Let s = -130 + 199. Calculate the remainder when s is divided by (-1 - 5)/(y/6).
15
Suppose -b - 3*b = -56. Suppose -4*i + b = 4*r - 14, 0 = -5*i - r + 39. Calculate the remainder when i is divided by 6.
2
Let m = 3 + 2. Suppose 23 = -2*u + m*u - y, -8 = -2*u - 3*y. Suppose u = 3*d - 128. Calculate the remainder when d is divided by 12.
9
Suppose 3*b + 21 = -3*i + 6*i, -5*i + 71 = 4*b. What is the remainder when 2/(-14) - (-1899)/63 is divided by i?
8
Let i(q) = 13*q + 292. Calculate the remainder when i(-16) is divided by 50.
34
Suppose 3*h + 4*d = h, h = d + 6. Suppose -h*i + 144 = i - 4*l, -l - 124 = -4*i. What is the remainder when i is divided by 9?
5
Suppose 0 = 4*n + 3*i - 95, n - 3*n + 45 = -i. Calculate the remainder when 321 is divided by n.
22
Let w = -1267 + 1475. Calculate the remainder when w is divided by 21.
19
Suppose -15*w - 12*w = -891. What is the remainder when 417 is divided by w?
21
Calculate the remainder when (-339)/(-2)*(-2)/(-3) is divided by (-340)/(-9) - (-6)/27.
37
Let g(t) = 32*t. Calculate the remainder when g(1) is divided by 15.
2
Suppose -12*d + 307 = -7*d - 3*r, -2*d + 123 = -r. Let g = 50 + -34. What is the remainder when d is divided by g?
14
Let x(b) = -2*b - 4. Suppose -57 = -2*w - 3*k, 19 = w - 2*k - 6. Calculate the remainder when w is divided by x(-7).
7
Suppose j - 9 = -b, -2*b = -2*j - 0*j + 18. What is the remainder when 68 is divided by j?
5
Let c(a) = a**3 - 11*a**2 + 9*a + 7. Let o be